{"id":434,"date":"2025-03-21T10:39:00","date_gmt":"2025-03-21T07:39:00","guid":{"rendered":"https:\/\/bigritefit.com\/?page_id=434"},"modified":"2025-09-30T14:18:10","modified_gmt":"2025-09-30T11:18:10","slug":"sobre-nosotros","status":"publish","type":"page","link":"https:\/\/bigritefit.com\/esp\/sobre-nosotros\/","title":{"rendered":"Sobre Nosotros"},"content":{"rendered":"\n<p>Fundado en 1983, <strong>Baltas Group<\/strong> tiene como objetivo lograr un cambio de actitud observable y tangible, as\u00ed como resultados empresariales medibles a trav\u00e9s de todos sus servicios. Nuestros servicios se basan en rigurosas investigaciones acad\u00e9micas y en un enfoque de gesti\u00f3n moderno, respaldado por la ciencia y cuidadosamente adaptado a los valores culturales \u00fanicos de cada cliente.<\/p>\n\n\n\n<div class=\"wp-block-group is-nowrap is-layout-flex wp-container-core-group-is-layout-dbbf0487 wp-block-group-is-layout-flex\" style=\"margin-top:0px;margin-bottom:0px;padding-right:15px;padding-left:15px\">\n<div class=\"wp-block-group alignwide is-nowrap is-layout-flex wp-container-core-group-is-layout-ee308172 wp-block-group-is-layout-flex\" style=\"margin-top:0px;margin-bottom:0px\">\n<div class=\"wp-block-group alignfull wp-container-content-9cfa9a5a is-nowrap is-layout-flex wp-container-core-group-is-layout-f383abe9 wp-block-group-is-layout-flex\" style=\"margin-top:0px;margin-bottom:0px;padding-right:0;padding-left:0\">\n<div class=\"wp-block-columns wp-container-content-9cfa9a5a is-layout-flex wp-container-core-columns-is-layout-28f84493 wp-block-columns-is-layout-flex\">\n<div class=\"wp-block-column is-layout-flow wp-block-column-is-layout-flow\" style=\"border-style:none;border-width:0px;flex-basis:20%\">\n<div class=\"wp-block-group is-style-default is-layout-flow wp-block-group-is-layout-flow\" style=\"border-radius:12px\">\n<figure class=\"wp-block-image alignfull size-full has-custom-border is-style-default\"><img loading=\"lazy\" decoding=\"async\" width=\"600\" height=\"600\" src=\"https:\/\/bigritefit.com\/esp\/wp-content\/uploads\/2025\/02\/41-years600x600.png\" alt=\"\" class=\"wp-image-886\" style=\"border-radius:12px\" srcset=\"https:\/\/bigritefit.com\/esp\/wp-content\/uploads\/2025\/02\/41-years600x600.png 600w, https:\/\/bigritefit.com\/esp\/wp-content\/uploads\/2025\/02\/41-years600x600-300x300.png 300w, https:\/\/bigritefit.com\/esp\/wp-content\/uploads\/2025\/02\/41-years600x600-150x150.png 150w\" sizes=\"auto, (max-width: 600px) 100vw, 600px\" \/><\/figure>\n<\/div>\n<\/div>\n\n\n\n<div class=\"wp-block-column is-vertically-aligned-center is-layout-flow wp-block-column-is-layout-flow\" style=\"flex-basis:80%\">\n<div class=\"wp-block-group is-layout-flex wp-block-group-is-layout-flex\" style=\"margin-top:0px;margin-bottom:0px\">\n<p class=\"has-small-font-size\" style=\"margin-top:16px;margin-right:0px;margin-bottom:0px;margin-left:0px;font-style:normal;font-weight:500;line-height:1.8\">Desde su creaci\u00f3n, Baltas Group ha introducido numerosas innovaciones y contin\u00faa desempe\u00f1ando un papel influyente y de liderazgo en el mundo empresarial, gracias a su enfoque centrado en el cliente.<\/p>\n\n\n\n<p class=\"has-small-font-size\" style=\"margin-top:16px;margin-right:0px;margin-bottom:0px;margin-left:0px;font-style:normal;font-weight:500;line-height:1.8\">Creemos que, para que las organizaciones puedan transformarse, liberar su potencial y alcanzar un alto rendimiento sostenible, es necesario contar con un enfoque \u00e1gil de gesti\u00f3n, y ayudar a los empleados a conectar su trabajo con su prop\u00f3sito personal.<\/p>\n\n\n\n<p>Por ello, colocamos el <strong>\u201cenfoque hol\u00edstico\u201d<\/strong> en el centro de nuestros programas de desarrollo, impulsamos la competitividad sostenible y promovemos un fuerte sentido de prop\u00f3sito. Presentamos enfoques basados en datos para mejorar el bienestar y el rendimiento de los empleados, y ofrecemos modelos de comportamiento apropiados, validados cient\u00edficamente.<\/p>\n<\/div>\n<\/div>\n<\/div>\n<\/div>\n<\/div>\n<\/div>\n\n\n\n<div style=\"margin-top:0px;margin-bottom:0px;height:50px;width:0px\" aria-hidden=\"true\" class=\"wp-block-spacer is-style-has-mb-50\"><\/div>\n\n\n\n<div class=\"wp-block-group has-section-bg-background-color has-background is-nowrap is-layout-flex wp-container-core-group-is-layout-d1e16428 wp-block-group-is-layout-flex\" style=\"border-radius:20px;margin-top:0px;margin-bottom:0px;padding-top:0;padding-right:0;padding-bottom:0;padding-left:0\">\n<div class=\"wp-block-group is-style-default has-global-padding is-layout-constrained wp-container-core-group-is-layout-db9edeb8 wp-block-group-is-layout-constrained\">\n<div style=\"margin-top:0px;margin-bottom:0px;height:32px;width:0px\" aria-hidden=\"true\" class=\"wp-block-spacer is-style-has-mb-50\"><\/div>\n\n\n\n<div class=\"wp-block-group is-style-default is-nowrap is-layout-flex wp-container-core-group-is-layout-b84567dc wp-block-group-is-layout-flex\" style=\"padding-right:29px;padding-left:29px\">\n<div class=\"wp-block-columns is-style-default is-layout-flex wp-container-core-columns-is-layout-28f84493 wp-block-columns-is-layout-flex\">\n<div class=\"wp-block-column is-vertically-aligned-center is-style-default is-layout-flow wp-block-column-is-layout-flow\" style=\"flex-basis:33%\">\n<h2 class=\"wp-block-heading has-text-align-center has-large-font-size\"><strong><strong>Nuestra Misi\u00f3n<\/strong><\/strong><\/h2>\n\n\n\n<figure class=\"wp-block-image aligncenter size-thumbnail is-resized has-custom-border\"><img loading=\"lazy\" decoding=\"async\" width=\"150\" height=\"150\" src=\"https:\/\/bigritefit.com\/wp-content\/uploads\/2025\/03\/misyon-300x300-1-150x150.png\" alt=\"\" class=\"has-border-color wp-image-517\" style=\"border-color:#0000006b;border-width:1px;border-radius:20px;object-fit:cover;width:200px;height:200px\" srcset=\"https:\/\/bigritefit.com\/esp\/wp-content\/uploads\/2025\/03\/misyon-300x300-1-150x150.png 150w, https:\/\/bigritefit.com\/esp\/wp-content\/uploads\/2025\/03\/misyon-300x300-1.png 300w\" sizes=\"auto, (max-width: 150px) 100vw, 150px\" \/><\/figure>\n\n\n\n<div style=\"height:23px\" aria-hidden=\"true\" class=\"wp-block-spacer\"><\/div>\n\n\n\n<p class=\"has-text-align-center has-small-font-size\" style=\"font-style:normal;font-weight:500;line-height:1.8\">Ser pioneros en desarrollos y cambios<br>cuyo impacto concreto en individuos y<br>empresas pueda medirse integrando<br>conocimientos contempor\u00e1neos con valores<br>propios de la cultura turca.<\/p>\n<\/div>\n\n\n\n<div class=\"wp-block-column is-vertically-aligned-center is-layout-flow wp-block-column-is-layout-flow\" style=\"flex-basis:33%\">\n<h2 class=\"wp-block-heading has-text-align-center has-large-font-size\"><strong><strong>Nuestros Valores<\/strong><\/strong><\/h2>\n\n\n\n<figure class=\"wp-block-image aligncenter size-thumbnail is-resized has-custom-border\"><img loading=\"lazy\" decoding=\"async\" width=\"150\" height=\"150\" src=\"https:\/\/bigritefit.com\/wp-content\/uploads\/2025\/03\/degerler-300x300-1-150x150.png\" alt=\"\" class=\"has-border-color wp-image-518\" style=\"border-color:#0000006b;border-width:1px;border-radius:20px;object-fit:cover;width:200px;height:200px\" srcset=\"https:\/\/bigritefit.com\/esp\/wp-content\/uploads\/2025\/03\/degerler-300x300-1-150x150.png 150w, https:\/\/bigritefit.com\/esp\/wp-content\/uploads\/2025\/03\/degerler-300x300-1.png 300w\" sizes=\"auto, (max-width: 150px) 100vw, 150px\" \/><\/figure>\n\n\n\n<div style=\"height:23px\" aria-hidden=\"true\" class=\"wp-block-spacer\"><\/div>\n\n\n\n<p class=\"has-text-align-center has-small-font-size\" style=\"font-style:normal;font-weight:500;line-height:1.8\">Abrazamos el Conocimiento y el Desarrollo<br>Juntos Alcanzamos el \u00c9xito<br>La Innovaci\u00f3n y la Calidad son Nuestra Prioridad<br>Asumimos la Responsabilidad Social.<\/p>\n<\/div>\n\n\n\n<div class=\"wp-block-column is-vertically-aligned-center is-style-default is-layout-flow wp-block-column-is-layout-flow\" style=\"flex-basis:33%\">\n<h2 class=\"wp-block-heading has-text-align-center has-large-font-size\"><strong><strong>Nuestra Visi\u00f3n<\/strong><\/strong><\/h2>\n\n\n\n<figure class=\"wp-block-image aligncenter size-thumbnail is-resized has-custom-border\"><img loading=\"lazy\" decoding=\"async\" width=\"150\" height=\"150\" src=\"https:\/\/bigritefit.com\/wp-content\/uploads\/2025\/03\/vizyon-300x300-1-150x150.png\" alt=\"\" class=\"has-border-color wp-image-502\" style=\"border-color:#0000006b;border-width:1px;border-radius:20px;object-fit:cover;width:200px;height:200px\" srcset=\"https:\/\/bigritefit.com\/esp\/wp-content\/uploads\/2025\/03\/vizyon-300x300-1-150x150.png 150w, https:\/\/bigritefit.com\/esp\/wp-content\/uploads\/2025\/03\/vizyon-300x300-1.png 300w\" sizes=\"auto, (max-width: 150px) 100vw, 150px\" \/><\/figure>\n\n\n\n<div style=\"height:23px\" aria-hidden=\"true\" class=\"wp-block-spacer\"><\/div>\n\n\n\n<p class=\"has-text-align-center has-small-font-size\" style=\"font-style:normal;font-weight:500;line-height:1.8\">Ser una organizaci\u00f3n que haga una<br>contribuci\u00f3n permanente a la estructuraci\u00f3n<br>individual e institucional, que asuma la<br>responsabilidad social para el desarrollo de<br>la sociedad, y que pueda competir a nivel<br>internacional.<\/p>\n<\/div>\n<\/div>\n<\/div>\n\n\n\n<div style=\"margin-top:0px;margin-bottom:0px;height:55px;width:0px\" aria-hidden=\"true\" class=\"wp-block-spacer is-style-has-mb-50\"><\/div>\n<\/div>\n<\/div>\n\n\n\n<div style=\"margin-top:0px;margin-bottom:0px;height:37px;width:0px\" aria-hidden=\"true\" class=\"wp-block-spacer is-style-has-mb-50\"><\/div>\n\n\n\n<h2 class=\"wp-block-heading has-text-align-center has-large-font-size\"><strong>Nuestros socios comerciales<\/strong><\/h2>\n\n\n\n<div style=\"margin-top:0px;margin-bottom:0px;height:23px;width:0px\" aria-hidden=\"true\" class=\"wp-block-spacer is-style-has-mb-50\"><\/div>\n\n\n\n<div class=\"wp-block-group is-content-justification-center is-nowrap is-layout-flex wp-container-core-group-is-layout-23441af8 wp-block-group-is-layout-flex\">\n<figure class=\"wp-block-image\"><a href=\"https:\/\/www.hoganassessments.com\/\" target=\"_blank\" rel=\"noreferrer noopener\"><img decoding=\"async\" src=\"https:\/\/baltasgrubu.com\/wp-content\/uploads\/2024\/02\/hogan-logo-baltas-grubu.jpg\" alt=\"\" class=\"wp-image-29888\" style=\"object-fit:cover\" title=\" - Balta\u015f K\u00fclt\u00fcrel De\u011ferlendirme Arac\u0131\"\/><\/a><\/figure>\n\n\n\n<figure class=\"wp-block-image\"><a href=\"https:\/\/www.businessgames.com\/\" target=\"_blank\" rel=\"noreferrer noopener\"><img decoding=\"async\" src=\"https:\/\/baltasgrubu.com\/wp-content\/uploads\/2024\/02\/business-games-logo-baltas-grubu.jpg\" alt=\"\" class=\"wp-image-29884\" style=\"object-fit:cover\" title=\" - Balta\u015f K\u00fclt\u00fcrel De\u011ferlendirme Arac\u0131\"\/><\/a><\/figure>\n\n\n\n<figure class=\"wp-block-image\"><a href=\"https:\/\/celemi.com\/\" target=\"_blank\" rel=\"noreferrer noopener\"><img decoding=\"async\" src=\"https:\/\/baltasgrubu.com\/wp-content\/uploads\/2024\/02\/celemi-logo-baltas-grubu.jpg\" alt=\"\" class=\"wp-image-29885\" style=\"object-fit:cover\" title=\" - Balta\u015f K\u00fclt\u00fcrel De\u011ferlendirme Arac\u0131\"\/><\/a><\/figure>\n\n\n\n<figure class=\"wp-block-image\"><a href=\"https:\/\/www.valuescentre.com\/\" target=\"_blank\" rel=\"noreferrer noopener\"><img decoding=\"async\" src=\"https:\/\/baltasgrubu.com\/wp-content\/uploads\/2024\/02\/barrett-value-centre-ctt-logo-baltas-grubu.png\" alt=\"\" class=\"wp-image-34734\" style=\"object-fit:cover\" title=\" - Balta\u015f K\u00fclt\u00fcrel De\u011ferlendirme Arac\u0131\"\/><\/a><\/figure>\n\n\n\n<figure class=\"wp-block-image\"><a href=\"https:\/\/www.enocta.com\/\" target=\"_blank\" rel=\"noreferrer noopener\"><img decoding=\"async\" src=\"https:\/\/kulturvedegisim.com\/wp-content\/uploads\/2024\/10\/enocta-logo-yeni-baltas-grubu.png\" alt=\"\" class=\"wp-image-1969\" style=\"object-fit:cover\" title=\"enocta-logo-yeni-baltas-grubu - Balta\u015f K\u00fclt\u00fcrel De\u011ferlendirme Arac\u0131\"\/><\/a><\/figure>\n\n\n\n<figure class=\"wp-block-image\"><a href=\"https:\/\/wobiportal.com\/\" target=\"_blank\" rel=\"noreferrer noopener\"><img decoding=\"async\" src=\"https:\/\/baltasgrubu.com\/wp-content\/uploads\/2024\/08\/wobi-wbf-logo2-baltas-grubu.jpg\" alt=\"\" class=\"wp-image-36940\" style=\"object-fit:cover\" title=\" - Balta\u015f K\u00fclt\u00fcrel De\u011ferlendirme Arac\u0131\"\/><\/a><\/figure>\n<\/div>\n","protected":false},"excerpt":{"rendered":"<p>Fundado en 1983, Baltas Group tiene como objetivo lograr un cambio de actitud observable y tangible, as\u00ed como resultados empresariales medibles a trav\u00e9s de todos sus servicios. Nuestros servicios se basan en rigurosas investigaciones acad\u00e9micas y en un enfoque de gesti\u00f3n moderno, respaldado por la ciencia y cuidadosamente adaptado a los valores culturales \u00fanicos de [&hellip;]<\/p>\n","protected":false},"author":1,"featured_media":0,"parent":0,"menu_order":0,"comment_status":"closed","ping_status":"closed","template":"","meta":{"footnotes":""},"class_list":["post-434","page","type-page","status-publish","hentry"],"aioseo_notices":[],"_links":{"self":[{"href":"https:\/\/bigritefit.com\/esp\/wp-json\/wp\/v2\/pages\/434","targetHints":{"allow":["GET"]}}],"collection":[{"href":"https:\/\/bigritefit.com\/esp\/wp-json\/wp\/v2\/pages"}],"about":[{"href":"https:\/\/bigritefit.com\/esp\/wp-json\/wp\/v2\/types\/page"}],"author":[{"embeddable":true,"href":"https:\/\/bigritefit.com\/esp\/wp-json\/wp\/v2\/users\/1"}],"replies":[{"embeddable":true,"href":"https:\/\/bigritefit.com\/esp\/wp-json\/wp\/v2\/comments?post=434"}],"version-history":[{"count":65,"href":"https:\/\/bigritefit.com\/esp\/wp-json\/wp\/v2\/pages\/434\/revisions"}],"predecessor-version":[{"id":895,"href":"https:\/\/bigritefit.com\/esp\/wp-json\/wp\/v2\/pages\/434\/revisions\/895"}],"wp:attachment":[{"href":"https:\/\/bigritefit.com\/esp\/wp-json\/wp\/v2\/media?parent=434"}],"curies":[{"name":"wp","href":"https:\/\/api.w.org\/{rel}","templated":true}]}}